+ 31, 3 = 4*z - 3*u - 5. Let b(s) = 6*s + 2. Let j be b(z). Calculate the remainder when 29 is divided by 488/j - 2/8.
14
Let a = 2 - 2. Suppose i + 3*s - 273 = 0, -2*s + a*s = 2. Suppose 0 = -3*k + 15, 4*w + 2*k - i - 10 = 0. Calculate the remainder when w is divided by 14.
13
Let p be ((-4)/12 + 0)*-9. Suppose -4*v = -0*b - p*b + 179, b - 4*v = 49. What is the remainder when b is divided by 17?
14
Let x = 223 - 75. Let g = x - 133. What is the remainder when 53 is divided by g?
8
Let y = 12 + -6. Let q be (-15 - -1)*(-1)/2 + -4. Suppose -q = -44*s + 43*s. What is the remainder when y is divided by s?
0
Suppose 0 = -4*u - 0*u + 216. Suppose 5*a - 21 - u = 0. Suppose -b = 3*d + d - 41, 3*d + 49 = 2*b. What is the remainder when b is divided by a?
14
Let n(s) = -s**2 + 9*s - 7. Let u be n(3). Let k = u + 10. Suppose -2*j = -5*j + 18. Calculate the remainder when k is divided by j.
3
Let w(n) = -n**2 - 15*n - 11. Let m(z) = 2*z - 47. Let i be m(17). Calculate the remainder when 56 is divided by w(i).
11
Suppose 32*f - 2*i - 4024 = 28*f, 4032 = 4*f + 2*i. What is the remainder when f is divided by 48?
47
Let x = 57 - 48. Let k = -9 + 1. Let n = k + 33. Calculate the remainder when n is divided by x.
7
Let y(w) = w**3 + 2. Suppose v + 3*v = 0. Let m be y(v). Suppose r - m = -0. Calculate the remainder when 2 is divided by r.
0
Let s = 125 - 199. Let a = -62 - s. Calculate the remainder when 71 is divided by a.
11
Calculate the remainder when -2 + -2 + (-18 - -31) is divided by 2.
1
Suppose -4*w + 520 = 4*y, -3*y + 382 = -4*w - w. Suppose 2*n + r = 155 + 103, -2*r + y = n. What is the remainder when n is divided by 33?
30
Let i(s) = -12*s**3 - 1. Let h(p) = -6*p + 5*p + 4 + 8*p. Calculate the remainder when h(4) is divided by i(-1).
10
Let q(v) = -v**3 + 19*v**2 + v - 11. What is the remainder when 14 is divided by q(19)?
6
Let g = -611 + 1762. What is the remainder when g is divided by 8?
7
Let f be -2*1 + -3 + 14. Let b(l) = 2*l - 8. Suppose 4*u - 78 = 2*u. Calculate the remainder when u is divided by b(f).
9
Suppose -a + 3 - 2 = 0. Suppose 35 = -3*d + 8*d - 2*u, -d = -2*u + a. Calculate the remainder when 519/15 + (-10)/(-25) is divided by d.
8
Suppose 26*k = 423 + 409. What is the remainder when 735 is divided by k?
31
Let q = -30 - -31. Suppose 5*z - 17 = 4*a, 0 = -2*a + 6*a - 2*z + 2. Suppose 3*b - a*v = 1 + 10, 2*v + 10 = 2*b. Calculate the remainder when b is divided by q.
0
Let t = 109 - 56. Suppose 15*v - 1413 = 162. Calculate the remainder when v is divided by t.
52
Let c(t) = t**2 + 7*t + 35. What is the remainder when 317 is divided by c(-9)?
52
Suppose -2*k + 11 + 83 = 0. Let g(p) = 8*p + 8. Let x be g(-15). What is the remainder when k is divided by ((-9)/6)/(14/x)?
11
Let h(z) = 42*z - 73. What is the remainder when h(5) is divided by 44?
5
Let g(v) be the first derivative of v**3 - 7*v**2 - 5*v + 5. Let d = -10 - -16. Calculate the remainder when g(d) is divided by 7.
5
Calculate the remainder when 16 is divided by 10*(-4 + 72/16).
1
Suppose -4*m + 20 = 0, -2*m + 3*m = 3*d - 85. Calculate the remainder when 37 is divided by d.
7
Let o = 154 - 124. What is the remainder when o is divided by 10 - 0 - (-4 - 2/(-1))?
6
Let h be 2/7 + 290/14. Suppose -2*n - h = -3*n. Let p = -383 + 391. Calculate the remainder when n is divided by p.
5
Let f be 3/(5 + -2)*3. Let z be ((-7)/(7/f))/(-1). Suppose 0 = z*g - 4*w - 287, 6*g = 2*g - w + 370. What is the remainder when g is divided by 24?
21
Let b(o) be the second derivative of o**5/10 - 11*o**4/12 + 3*o**3/2 + 13*o. What is the remainder when b(6) is divided by 31?
28
Let h = 14 - 8. Suppose 3*i - 12 = 0, -h*m + 56 = -2*m - i. Let s = m - -8. What is the remainder when s is divided by 13?
10
What is the remainder when 70 is divided by (-58)/319 - 598/(-22)?
16
Let x(f) = -40*f - 812. Calculate the remainder when 246 is divided by x(-21).
22
Let b = -125 - -138. Let u(w) = -w**2 - w + 4. Calculate the remainder when b is divided by u(0).
1
Suppose 0 = -v - 2*v + 3*m + 234, 4*m + 390 = 5*v. Calculate the remainder when (-8)/52 + 1494/v is divided by 7.
5
Let z = 19 + -34. Let c be (-3)/(-3 + 261/264*3). Let d = z + c. What is the remainder when d is divided by 25?
23
What is the remainder when 2697/(-186)*(-2 - 0/(-2)) is divided by 9?
2
Suppose -v = 3*v - 48. Suppose 528 = v*y + 4*y. What is the remainder when 96 is divided by y?
30
Suppose 0 = -10*t + 6*t + 20, 0 = 3*g + 4*t - 59. Suppose 5*n + 7*j = 3*j + 117, 3*j = -6. What is the remainder when n is divided by g?
12
Let u = 2792 - 2736. Calculate the remainder when 158 is divided by u.
46
Suppose 0*t + 2 = -t, m = 4*t + 10. Let x = 8 + m. Calculate the remainder when 17 is divided by x.
7
Let i(a) = 106*a**2 + 9*a - 4. Let n be i(2). Suppose 0 = 3*q + q + h - n, 2*h = -4*q + 440. What is the remainder when q is divided by 16?
13
Let p(m) be the first derivative of 3*m**2/2 + 2. Let o be p(1). Suppose -4*b + o = -b. What is the remainder when 3 is divided by b?
0
Suppose 72 = w - 67. What is the remainder when w is divided by 49?
41
Let s(v) = 8*v**3 - 4*v**2 - 4*v. Let h be s(-2). Let o = h + 74. Calculate the remainder when 10 is divided by o.
0
Suppose -2*d = -3*d - 41. Let o = d - -62. Calculate the remainder when 39 is divided by o.
18
Suppose -5*d + 50 = -3*p, -5*d - 5*p + 4*p = -70. Calculate the remainder when 22 is divided by d.
9
Let j(a) = 5*a**2 + 7*a + 1. What is the remainder when 121 is divided by j(-4)?
15
Suppose -5*v = 2*l - 107, 0*v + v = 2*l - 113. Let a = -4 - -10. Calculate the remainder when ((-4)/2 - l)/(-2) is divided by a.
5
Let r(s) = -s + 3. Suppose -5*w + 7 = -13. Calculate the remainder when -4 - -7*(-1 + w) is divided by r(-6).
8
Suppose 10*a - 7*a + 9 = 0. Calculate the remainder when 73 + (a - -4)*1 is divided by 19.
17
Suppose -24 = 25*n - 33*n. What is the remainder when 66 is divided by n?
0
Let w be (-292)/18 + 14/63. Let t = w - -120. What is the remainder when t is divided by 21?
20
Suppose 3*b + 180 = 8*b. Suppose -3*a + 4 + 8 = 0. Suppose -r = 0, 6*d - d + a*r = 95. What is the remainder when b is divided by d?
17
Let a = 0 - -7. Let s = 1802 - 1780. What is the remainder when s is divided by a?
1
Suppose 3*t - 6 = 0, 3*n = -0*t + t + 7. Let y = -61 - -105. What is the remainder when (y/8*-2)/(-1) is divided by n?
2
Suppose -2*b - 2*l = -40, 3*l - 96 = -5*b + 2*l. Calculate the remainder when 94 is divided by b.
18
Let f(v) = -9*v + 6 - v + 55*v - 16*v. Let q be f(3). Suppose 0 = -y + 2*h + q, y + h - 20 = 64. What is the remainder when y is divided by 18?
15
Suppose 68 = 5*u - 7. Calculate the remainder when -238*(-2)/(-4)*-1 is divided by u.
14
Suppose 2*d - 390 = 28. Calculate the remainder when d is divided by 10.
9
Suppose i - 2*s = -6*s + 29, 0 = -2*i + s + 22. Let f = 7 - 6. Let c = f + 36. Calculate the remainder when c is divided by i.
11
What is the remainder when 20*22*2/20 is divided by 7?
2
Let h(t) = -t**3 + 2*t**2 + 5*t + 3. Let l(a) = -a**2 - 3*a - 5. Let k be l(0). Calculate the remainder when h(k) is divided by 26.
23
Let b(i) = 2*i**2 + 51 + 41 - 3*i**2. Let d be b(0). Suppose -r + d = r. What is the remainder when r is divided by 12?
10
Suppose -5*s = -6*s - 4*p + 46, p + 36 = s. Calculate the remainder when 74 is divided by s.
36
Let b(p) = -p + 12*p**2 - 3*p + 3*p. Suppose 0 = 4*s + 5*g + 29, 16 = 3*s - 5*g - 6. What is the remainder when 62 is divided by b(s)?
10
Let u = -45 + 142. Suppose 0 = 8*a - 7 - u. Calculate the remainder when 50 is divided by a.
11
Suppose -8*m + 475 = -1869. Let s = m + -161. What is the remainder when s is divided by 19?
18
Let n(r) = -2 - 3 + 10*r + 28*r + 4. What is the remainder when n(1) is divided by 13?
11
Let y(s) = -s**2 - 8*s + 13. Let h be y(-9). Suppose -5*u + h*u = -102. Calculate the remainder when 63 is divided by (-4)/34 + 1644/u.
15
Suppose -164 + 464 = 2*w. Calculate the remainder when w is divided by 38.
36
Calculate the remainder when 234 is divided by (-5)/90 + (-3570)/(-108).
3
Suppose -2*l + 21 = -39. Suppose 4*q = -q + 315. Suppose -159 = -6*k - q. What is the remainder when l is divided by k?
14
Let c be 28/10*(-45)/(-18). Suppose -2*s + 11 = c. Suppose -5 = -2*x - u, 3*u + 4 = -3*x + 13. Calculate the remainder when x is 